by 1.
0
What is the remainder when 3147 is divided by 150?
147
Calculate the remainder when 32194 is divided by 137.
136
What is the remainder when 671 is divided by 21?
20
What is the remainder when 93 is divided by 19?
17
Calculate the remainder when 51 is divided by 4.
3
Calculate the remainder when 76 is divided by 35.
6
What is the remainder when 1238 is divided by 25?
13
Calculate the remainder when 137 is divided by 10.
7
What is the remainder when 83 is divided by 32?
19
Calculate the remainder when 246 is divided by 215.
31
What is the remainder when 284 is divided by 36?
32
Calculate the remainder when 535 is divided by 47.
18
What is the remainder when 801 is divided by 210?
171
What is the remainder when 139 is divided by 51?
37
Calculate the remainder when 221 is divided by 61.
38
Calculate the remainder when 915 is divided by 869.
46
What is the remainder when 237 is divided by 17?
16
What is the remainder when 38 is divided by 30?
8
Calculate the remainder when 3589 is divided by 3586.
3
What is the remainder when 87 is divided by 26?
9
What is the remainder when 4517 is divided by 52?
45
What is the remainder when 797 is divided by 38?
37
Calculate the remainder when 78 is divided by 23.
9
Calculate the remainder when 47 is divided by 14.
5
Calculate the remainder when 232 is divided by 53.
20
Calculate the remainder when 126 is divided by 64.
62
What is the remainder when 1261 is divided by 183?
163
What is the remainder when 3197 is divided by 97?
93
Calculate the remainder when 2086 is divided by 9.
7
Calculate the remainder when 167 is divided by 86.
81
Calculate the remainder when 19 is divided by 17.
2
Calculate the remainder when 146 is divided by 27.
11
What is the remainder when 5562 is divided by 26?
24
Calculate the remainder when 104 is divided by 62.
42
Calculate the remainder when 63 is divided by 52.
11
Calculate the remainder when 33 is divided by 2.
1
What is the remainder when 4294 is divided by 44?
26
Calculate the remainder when 1117 is divided by 24.
13
Calculate the remainder when 293 is divided by 61.
49
Calculate the remainder when 3622 is divided by 1806.
10
Calculate the remainder when 980 is divided by 22.
12
What is the remainder when 54 is divided by 16?
6
Calculate the remainder when 11098 is divided by 222.
220
What is the remainder when 54 is divided by 10?
4
Calculate the remainder when 4147 is divided by 10.
7
Calculate the remainder when 1679 is divided by 28.
27
Calculate the remainder when 84 is divided by 55.
29
What is the remainder when 3913 is divided by 3898?
15
What is the remainder when 29 is divided by 6?
5
What is the remainder when 40834 is divided by 249?
247
Calculate the remainder when 94 is divided by 4.
2
Calculate the remainder when 458 is divided by 175.
108
Calculate the remainder when 10261 is divided by 311.
309
Calculate the remainder when 2 is divided by 2.
0
What is the remainder when 380 is divided by 44?
28
Calculate the remainder when 712 is divided by 87.
16
What is the remainder when 40 is divided by 6?
4
Calculate the remainder when 11162 is divided by 349.
343
What is the remainder when 5216 is divided by 141?
140
What is the remainder when 183 is divided by 53?
24
Calculate the remainder when 1011 is divided by 84.
3
Calculate the remainder when 64 is divided by 22.
20
Calculate the remainder when 60 is divided by 5.
0
What is the remainder when 424 is divided by 45?
19
Calculate the remainder when 58 is divided by 26.
6
What is the remainder when 99 is divided by 51?
48
Calculate the remainder when 71 is divided by 21.
8
Calculate the remainder when 899 is divided by 129.
125
Calculate the remainder when 726 is divided by 15.
6
What is the remainder when 484 is divided by 54?
52
What is the remainder when 318 is divided by 29?
28
What is the remainder when 249 is divided by 61?
5
What is the remainder when 304 is divided by 45?
34
Calculate the remainder when 1925 is divided by 27.
8
What is the remainder when 1636 is divided by 233?
5
Calculate the remainder when 487 is divided by 161.
4
Calculate the remainder when 105 is divided by 18.
15
What is the remainder when 137 is divided by 32?
9
What is the remainder when 25 is divided by 3?
1
Calculate the remainder when 73 is divided by 52.
21
Calculate the remainder when 509 is divided by 58.
45
Calculate the remainder when 430 is divided by 72.
70
What is the remainder when 217 is divided by 123?
94
What is the remainder when 307 is divided by 115?
77
What is the remainder when 10121 is divided by 6?
5
What is the remainder when 94 is divided by 39?
16
Calculate the remainder when 20 is divided by 11.
9
What is the remainder when 2020 is divided by 50?
20
Calculate the remainder when 155 is divided by 56.
43
Calculate the remainder when 3694 is divided by 44.
42
Calculate the remainder when 432 is divided by 11.
3
What is the remainder when 535 is divided by 12?
7
Calculate the remainder when 1174 is divided by 55.
19
What is the remainder when 320 is divided by 95?
35
Calculate the remainder when 179 is divided by 49.
32
Calculate the remainder when 848 is divided by 159.
53
Calculate the remainder when 176 is divided by 50.
26
What is the remainder when 111 is divided by 10?
1
What is the remainder when 278 is divided by 132?
14
What is the remainder when 110 is divided by 8?
6
What is the remainder when 621 is divided by 1?
0
What is the remainder when 2215 is divided by 37?
32
What is the remainder when 3084 is divided by 182?
172
What is the remainder when 96 is divided by 20?
16
What is the remainder when 1212 is divided by 38?
34
What is the remainder when 597 is divided by 28?
9
What is the remainder when 508 is divided by 16?
12
What is the remainder when 657 is divided by 230?
197
Calculate the remainder when 194 is divided by 100.
94
What is the remainder when 1836 is divided by 263?
258
Calculate the remainder when 159 is divided by 18.
15
What is the remainder when 277 is divided by 3?
1
Calculate the remainder when 207 is divided by 15.
12
Calculate the remainder when 755 is divided by 156.
131
Calculate the remainder when 2851 is divided by 31.
30
Calculate the remainder when 384 is divided by 57.
42
What is the remainder when 1466 is divided by 298?
274
Calculate the remainder when 2131 is divided by 13.
12
Calculate the remainder when 31 is divided by 31.
0
Calculate the remainder when 69 is divided by 28.
13
Calculate the remainder when 840 is divided by 18.
12
What is the remainder when 2486 is divided by 204?
38
Calculate the remainder when 430 is divided by 144.
142
What is the remainder when 256 is divided by 6?
4
What is the remainder when 3195 is divided by 353?
18
What is the remainder when 250 is divided by 63?
61
Calculate the remainder when 909 is divided by 19.
16
What is the remainder when 247 is divided by 16?
7
What is the remainder when 529 is divided by 122?
41
Calculate the remainder when 201 is divided by 31.
15
Calculate the remainder when 1987 is divided by 14.
13
What is the remainder when 156 is divided by 39?
0
Calculate the remainder when 769 is divided by 262.
245
What is the remainder when 8273 is divided by 197?
196
Calculate the remainder when 134 is divided by 19.
1
Calculate the remainder when 14 is divided by 3.
2
Calculate the remainder when 1626 is divided by 23.
16
What is the remainder when 1208 is divided by 101?
97
What is the remainder when 1163 is divided by 54?
29
Calculate the remainder when 479 is divided by 70.
59
Calculate the remainder when 214 is divided by 79.
56
Calculate the remainder when 274 is divided by 195.
79
Calculate the remainder when 259 is divided by 105.
49
Calculate the remainder when 1156 is divided by 76.
16
What is the remainder when 32 is divided by 12?
8
What is the remainder when 77 is divided by 27?
23
What is the remainder when 272 is divided by 67?
4
Calculate the remainder when 633 is divided by 53.
50
What is the remainder when 91 is divided by 46?
45
Calculate the remainder when 360 is divided by 357.
3
What is the remainder when 149 is divided by 1?
0
What is the remainder when 141 is divided by 134?
7
What is the remainder when 1172 is divided by 168?
164
What is the remainder when 793 is divided by 56?
9
Calcula